6
Calculate the greatest common factor of 16 and 44024.
8
Calculate the greatest common divisor of 1160 and 20760.
40
What is the greatest common factor of 2992 and 28534?
22
What is the highest common divisor of 19 and 11419?
19
Calculate the greatest common divisor of 265 and 149460.
265
What is the highest common factor of 148 and 1863542?
74
What is the greatest common divisor of 188552 and 39?
13
What is the greatest common divisor of 2542 and 11563?
31
Calculate the greatest common divisor of 42262 and 5984.
374
What is the greatest common divisor of 14275 and 250?
25
What is the greatest common divisor of 298 and 1168309?
149
What is the greatest common factor of 226653 and 7?
7
What is the highest common factor of 49370 and 40?
10
What is the greatest common factor of 11312 and 31052?
28
Calculate the greatest common factor of 2572 and 58.
2
Calculate the greatest common factor of 864 and 322272.
864
What is the greatest common factor of 23090 and 730?
10
What is the greatest common divisor of 1237204 and 3504?
292
Calculate the greatest common divisor of 22080 and 1863.
69
Calculate the greatest common divisor of 450 and 65850.
150
Calculate the greatest common factor of 71229 and 3.
3
Calculate the greatest common factor of 12 and 93888.
12
Calculate the highest common factor of 1041825 and 479.
479
Calculate the highest common divisor of 9312 and 14304.
96
What is the highest common factor of 4836 and 11037?
39
Calculate the highest common divisor of 122 and 551501.
61
What is the greatest common factor of 2 and 13834?
2
Calculate the greatest common factor of 729580 and 40.
20
What is the greatest common factor of 315 and 6013?
7
Calculate the highest common factor of 213597 and 28714.
293
What is the highest common divisor of 42 and 41482?
14
What is the highest common divisor of 253 and 106271?
11
Calculate the greatest common factor of 20062 and 630.
14
What is the highest common divisor of 52 and 1300715?
13
Calculate the highest common divisor of 171 and 81819.
9
Calculate the greatest common divisor of 1625 and 13897.
13
Calculate the highest common divisor of 7442 and 4514.
122
Calculate the highest common divisor of 468 and 2912.
52
Calculate the greatest common factor of 232027 and 111.
37
What is the highest common divisor of 66568 and 4?
4
What is the greatest common factor of 68112 and 101394?
774
What is the highest common divisor of 12788 and 4554?
46
What is the highest common factor of 847824 and 8?
8
Calculate the greatest common divisor of 448 and 31612.
28
What is the highest common divisor of 127870 and 18171?
673
What is the greatest common factor of 57 and 19?
19
What is the greatest common factor of 384 and 268640?
32
Calculate the greatest common factor of 346368 and 396.
132
What is the greatest common divisor of 3792 and 19276?
316
Calculate the greatest common divisor of 775104 and 1408.
704
Calculate the greatest common divisor of 104 and 24336.
104
Calculate the highest common factor of 58344 and 1320.
264
What is the greatest common divisor of 151555 and 5185?
85
What is the greatest common factor of 60 and 65012?
4
What is the highest common divisor of 17651 and 475?
19
Calculate the greatest common divisor of 373364 and 372.
124
Calculate the highest common divisor of 18 and 454.
2
What is the highest common factor of 92 and 123648?
92
Calculate the highest common divisor of 57136 and 112.
16
What is the greatest common factor of 27131 and 65?
13
Calculate the highest common divisor of 16882 and 207.
23
Calculate the highest common divisor of 1002651 and 3666.
1833
What is the highest common factor of 28 and 89222?
14
Calculate the greatest common factor of 68 and 12733.
17
What is the greatest common factor of 23155 and 2167?
11
What is the highest common divisor of 8 and 110248?
8
What is the greatest common divisor of 2788 and 11492?
68
Calculate the highest common factor of 23379 and 9.
3
Calculate the greatest common divisor of 703 and 19351.
37
Calculate the highest common divisor of 121 and 7481914.
121
What is the greatest common factor of 4650 and 4960?
310
What is the highest common divisor of 1554 and 6414?
6
Calculate the highest common factor of 9750 and 200.
50
Calculate the highest common factor of 105 and 74095.
35
Calculate the greatest common divisor of 2864 and 1392.
16
What is the highest common factor of 85552 and 1168?
16
Calculate the highest common divisor of 39146 and 315813.
529
What is the highest common divisor of 509279 and 502?
251
Calculate the greatest common divisor of 6962663 and 53.
53
What is the highest common divisor of 125 and 124625?
125
What is the greatest common divisor of 117 and 2041?
13
Calculate the highest common factor of 492393 and 258.
129
What is the highest common factor of 136 and 3188?
4
What is the greatest common divisor of 1724 and 408157?
431
Calculate the highest common factor of 18108 and 180.
36
Calculate the highest common factor of 23 and 11707.
23
What is the greatest common factor of 1666 and 238?
238
What is the greatest common divisor of 28589 and 20240?
253
What is the greatest common divisor of 2416 and 39152?
16
Calculate the highest common factor of 443961 and 203.
203
What is the highest common factor of 1842988 and 56?
28
Calculate the greatest common factor of 206136 and 840.
168
Calculate the highest common divisor of 90016 and 58.
58
Calculate the highest common factor of 363852 and 216.
108
Calculate the highest common divisor of 5238 and 3686.
194
What is the greatest common factor of 640 and 3920?
80
What is the highest common divisor of 15673 and 14?
7
What is the greatest common divisor of 2712 and 98197?
113
Calculate the greatest common factor of 55608 and 24.
24
What is the highest common factor of 88 and 3058?
22
What is the greatest common divisor of 11445 and 10355?
545
What is the greatest common divisor of 504 and 285320?
56
What is the highest common factor of 1056 and 43846?
22
What is the greatest common divisor of 192008 and 32?
8
What is the greatest common divisor of 2304 and 2208?
96
What is the greatest common factor of 729008 and 4508?
644
Calculate the highest common factor of 19652 and 476.
68
Calculate the greatest common divisor of 559 and 1140317.
43
Calculate the highest common divisor of 595 and 7055.
85
Calculate the highest common divisor of 108 and 810876.
12
What is the highest common factor of 1713760 and 320?
160
What is the greatest common factor of 75 and 1615?
5
What is the greatest common factor of 2767144 and 339?
113
What is the greatest common factor of 144050 and 201?
67
Calculate the greatest common factor of 20402 and 404.
202
What is the greatest common divisor of 171 and 45387?
9
Calculate the highest common divisor of 42 and 8358.
42
What is the greatest common factor of 182 and 5992?
14
What is the highest common factor of 121726 and 1056?
22
Calculate the greatest common divisor of 770 and 1418270.
70
Calculate the greatest common divisor of 1342560 and 1920.
480
Calculate the greatest common divisor of 2421 and 153.
9
What is the greatest common divisor of 25363 and 78?
13
What is the greatest common divisor of 1682 and 435?
29
What is the highest common factor of 14812 and 448?
28
Calculate the highest common factor of 70 and 1206184.
14
Calculate the greatest common divisor of 2745787 and 11.
11
Calculate the highest common factor of 53751 and 287.
41
Calculate the greatest common divisor of 375245 and 13.
13
Calculate the greatest common factor of 3520414 and 906.
302
What is the highest common factor of 34230 and 34650?
210
Calculate the greatest common factor of 3392 and 1908.
212
Calculate the greatest common factor of 87 and 35022.
3
Calculate the highest common factor of 490 and 22834.
98
Calculate the greatest common factor of 1023 and 144429.
93
What is the highest common divisor of 5 and 15984?
1
Calculate the greatest common divisor of 4489 and 201.
67
Calculate the highest common divisor of 359923 and 106.
53
Calculate the highest common factor of 112 and 1223936.
112
Calculate the highest common divisor of 6732 and 9228.
12
Calculate the highest common factor of 806 and 65.
13
Calculate the greatest common factor of 18 and 411435.
9
What is the greatest co